posite?
False
Suppose 0 = 4*r - 2 + 10. Is 4 + 1 + r - (-4340)/7 a prime number?
False
Let t = 1084 + -471. Let z = 1205 - t. Suppose -204 - z = -4*b. Is b a composite number?
False
Suppose -20*z = -0*z - 2020. Let s = 28 + -46. Let q = z - s. Is q prime?
False
Suppose 2*t + 4*u - 3744 = 0, 2*u + 7538 = 4*t - 0*t. Is t prime?
False
Is 78/(-13) + (1 - -13594) a composite number?
True
Let n(t) = t + 10. Let d be n(6). Suppose d = 3*v + h, 3*v + h - 9 = v. Let l(s) = 11*s**2 + 5*s + 7. Is l(v) a prime number?
False
Let o = -48 - -48. Suppose o = 3*k - 679 - 80. Is k prime?
False
Let h = -208 + 20. Let a = h + 285. Is a prime?
True
Let c = 1 - 4. Let p(m) = 46*m**2 - 14*m - 2. Is p(c) composite?
True
Let m(h) = 2*h**2 - 18*h + 21. Let q be m(8). Suppose s = 2*g - 2499, g + 3*s = q*s + 1257. Is g prime?
False
Suppose 92*v - 112*v + 193660 = 0. Is v a composite number?
True
Let l be (-3 - (-9 + 4))/(3 + -4). Is 17 - (8 - 7)/(1/l) a composite number?
False
Let h(c) = -9*c**3 - 6*c**2 + 13. Is h(-8) a composite number?
True
Suppose 669 = -a + 21452. Is a a prime number?
False
Let v(n) = -15932*n - 281. Is v(-6) a prime number?
True
Suppose -4*c + 6*k = 4*k - 784, -5*c + 5*k = -980. Let u = c + 5. Is u a composite number?
True
Let b(a) = -3*a**2 + 6*a + 8. Let l be b(-12). Let n = l + 707. Is n a prime number?
True
Suppose 0 = 25*h + 66*h - 1873963. Is h prime?
True
Suppose 0 = -3*n + 4*s - 15, 2*s - s = 3. Is n/5 + (-50332)/(-10) a prime number?
False
Let z be (-11)/((-11)/6)*3. Is 5530/z + 14/(-63) a composite number?
False
Let d(t) = 276*t**2 - 4*t - 22. Is d(9) composite?
True
Suppose -35890 = -866*o + 856*o. Is o a prime number?
False
Suppose -3*p + 2*p + 837 = 2*b, -1673 = -4*b - 3*p. Is b prime?
True
Suppose -5*q = -2 + 32. Let a = -4 - q. Suppose -4*p = 4*g - a*p - 750, -4*p + 760 = 4*g. Is g a composite number?
True
Let g be 90/8 - 30/(-40). Suppose -5*p - 962 + 5406 = -3*s, -4*s = g. Is p a prime number?
True
Let q(n) = 7*n - 5. Let l be q(1). Suppose -l*t - 257 = -5*t - 4*p, 2*p = -3*t + 253. Is t a composite number?
False
Let a be ((-6256)/24 - -2)/(4/(-6)). Let x = a + 1009. Is x a composite number?
True
Let o be (-1)/7 - (-39762)/63. Suppose 2*k - o = k. Is k a composite number?
False
Let z(c) = 4389*c**2 - 8*c + 4. Let u(q) = -8777*q**2 + 18*q - 8. Let n(a) = 2*u(a) + 5*z(a). Is n(1) composite?
False
Suppose -18*g + 1240 + 4790 = 0. Suppose 82 - g = -f. Is f prime?
False
Is ((-129 - 4) + -6)*(-7)/1 a composite number?
True
Suppose 0 = -4*c + 2*c + 198. Suppose -2*o - 51 = -4*i + c, i - 10 = -5*o. Is i composite?
True
Let y = -213 - -369. Let g be y + 5/((-15)/9). Suppose 355 = 4*u - g. Is u a composite number?
False
Let n(v) = -9*v**3 - 4*v**2 - v - 1. Let f(c) = c - 4. Let t be f(1). Is n(t) composite?
True
Let r = -3154 - -5999. Is r prime?
False
Let p be 54*(-955)/(-15)*1. Let g = -499 + p. Is g prime?
True
Let s be (0 + (-1 - -3))*54/(-4). Let l be 2/5 - 318/(-5). Let p = l + s. Is p a prime number?
True
Let m = -3353 - -5326. Is m composite?
False
Suppose -115*h - 2724 = -118*h. Let b = h + -387. Is b a prime number?
True
Suppose -51*r = -45*r - 29382. Is r a prime number?
False
Let u = 42 + -122. Let z = u - -293. Is z a composite number?
True
Suppose 27 - 47 = -4*l. Suppose -4*j + i + 547 = 4*i, -15 = l*i. Is j a composite number?
False
Let t = -34763 + 50382. Is t a prime number?
True
Let v(i) = i**3 + 8*i**2 - 10*i - 9. Let w be v(-9). Suppose 4*y + w*y - 5096 = -3*k, 0 = 3*y - 4*k - 3847. Is y composite?
False
Suppose 2*c + 3*c = 4*b - 440669, c - 220317 = -2*b. Is b composite?
False
Let g(m) = -m**3 - 3*m**2 + 5*m + 2. Let i be g(-4). Is (-4383)/(-33) + i/(-11) composite?
True
Let b = -31 - -97. Let t = 197 - b. Is t a composite number?
False
Let n(h) = -h + 2. Let a be n(2). Suppose z + 2*t - 4 = -a*t, 3*z + 4*t - 10 = 0. Is z/(-4) + 2108/8 a prime number?
True
Suppose -199*p + 429036 = -187*p. Is p a composite number?
False
Let i(a) = 27*a**2 - 33*a + 11. Is i(-26) a prime number?
True
Let x(n) = n**2 - 5*n + 4. Let o be x(5). Suppose o*z = 3*k - 24, -z - 2*z = -3*k + 21. Is (-7)/(7/(-200)) - z a composite number?
True
Suppose 8*t - 6*t = 18. Let y(g) = 10*g**2 - 6*g - 11. Is y(t) a composite number?
True
Let n(q) = q**2 - q + 3. Let g be n(-4). Suppose 3*r = -d + 43, 3*d - 160 = -5*r - g. Is d prime?
False
Suppose -4*o = -4*f + 32, 5*o - 9 = -8*f + 6*f. Suppose -3*q + f*p = 4*p - 1146, -4*p = 12. Is q prime?
True
Suppose 0*o - 12 = -o. Let a = o - 7. Let m(h) = 37*h - 8. Is m(a) composite?
True
Let x = -43 - -43. Suppose -4*y - 259 = -3*q, x = -3*q + y + 193 + 63. Is q prime?
False
Suppose 10*v - 46540 = 5550. Is v a composite number?
False
Suppose 15018 = 59*y - 53*y. Is y a prime number?
True
Suppose 2*a + 100 = 4*a. Suppose -5*p + a = -60. Is p a composite number?
True
Suppose 3*o + 6824 = -b + 42057, 4*o = -3*b + 46984. Is o a composite number?
False
Suppose 0*r = -5*r + 10. Suppose 7*a - 2*a = 5. Is (-62)/(-4)*r/a composite?
False
Suppose -o + 3*n + 3 = -5*o, -n - 20 = -5*o. Let c(r) = -r**3 + 17*r**2 + 22*r + 2. Let j be c(18). Suppose j = -2*k + o*k. Is k a composite number?
True
Suppose 6*d + 127179 = 15*d. Is d a prime number?
False
Let x(s) = 1578*s + 7. Is x(3) a composite number?
True
Let s = -86 - -496. Suppose 3*d - 262 = s. Is -2*(-9)/(-6) + d a composite number?
True
Suppose 2*a + d = 60794, -3*a + 9*d + 91177 = 14*d. Is a a prime number?
False
Suppose 9*r = 12*r. Suppose -n = -3*l + 7*l - 2303, r = 3*l - n - 1736. Is l a prime number?
True
Let j(i) = 16*i - 5. Let s be (-13)/4*(-9 - -5). Let d = -9 + s. Is j(d) a composite number?
False
Let i(o) = -2*o + 12. Let c(s) = -s + 6. Let r(x) = 7*c(x) - 3*i(x). Let z be r(4). Suppose z*b + 7*y = 2*y + 1909, 2*b + 4*y = 1914. Is b composite?
False
Suppose -2*t - 18 = -5*q, 5*t + 4 = -4*q + 2*t. Suppose 93 = -u - 4*x, -x - 1 = -2*x. Is -1*u/(2/q) composite?
False
Let m(g) = 112*g + 1. Let p be m(3). Let u = p + -134. Is u a composite number?
True
Let q(z) = -8*z**2 - 6*z + 4. Let r(w) = 17*w**2 + 11*w - 8. Let v(a) = -7*q(a) - 3*r(a). Is v(-11) composite?
True
Let k = 41 + -53. Is ((-7737)/k)/(((-2)/(-8))/1) composite?
False
Suppose -14*b = -11803 - 13131. Is b composite?
True
Suppose -v = -c - 3*v + 457, -2*v - 473 = -c. Let f = -254 + c. Is f a composite number?
False
Let o be (-1 + 1)/(-1 + 0). Suppose o = -5*v + v - 8, 2*t - 1176 = 2*v. Suppose 2*i + t = 4*i. Is i a prime number?
True
Let k be -3 + (-3)/((-3)/(-488)). Let m = -844 - -1546. Let s = m + k. Is s a composite number?
False
Let t(i) = i**2 + 15*i - 11. Let m(z) = z + 7. Let k(x) = 2*x + 7. Let o(a) = -3*k(a) + 2*m(a). Let j be o(-5). Is t(j) a composite number?
False
Suppose 5*q - 24519 = -4*y, 3*y - 19139 - 476 = -4*q. Is q a composite number?
False
Suppose -3183 - 1350 = -3*n. Is n a composite number?
False
Let h = -14 - 2. Is (-3869)/(-4) - (-4)/h composite?
False
Suppose 0 = 4*k + 4. Let g be (k + 0/(-4))*-9. Suppose 4*q = g*q - 385. Is q prime?
False
Let x(w) = 131*w - 21. Let h(r) = -66*r + 11. Let z(p) = -5*h(p) - 2*x(p). Is z(10) a prime number?
False
Let c = 1064 + 1583. Is c prime?
True
Let i = -411 + -87. Let t = i + 1477. Is t a prime number?
False
Suppose 2*i + 3*i - 20415 = 0. Suppose -i = -16*k + 13*k. Is k a prime number?
True
Let l = 886 - 217. Is l prime?
False
Is (30/12*956)/2 + 6 prime?
True
Suppose -4*s - 5*s = 4626. Let c = s - -1145. Is c composite?
False
Suppose -6*t = 4*t - 100. Is (1*(-3306)/9)/(t/(-15)) composite?
True
Suppose -8 = 8*s - 12*s. Is (-2 - (s - 485)) + -2 a composite number?
False
Let c(r) = 10*r**2 + 12*r - 153. Is c(8) a prime number?
False
Suppose 5*z - 23819 - 700 = -n, -2*n + 49006 = 2*z. Is n a prime number?
True
Suppose 5*g + 22 = 67. Suppose -245 = 2*z - g*z. Is z a composite number?
True
Let v(c) = -16*c + 63. Is v(-5) a composite number?
True
Let t = 26 - 288. Let g(d) = d**3 - 183. Let f be g(0). Let l = f - t. Is l composite?
False
Let f(x) = x**3 + x**2 + 5*x - 4. Let a be ((-24)/28)/(3/(-14)). Let z be f(a). Suppose 4*c = 412 + z. Is c composite?
False
Let o be (-2 - -1)/((-2)/(-3056)). Let t be o*(-5 - -4)/2. Suppose 4*m = -0*k + 2*k + 764, 4*m = -5*k + t. Is m prime?
True
Let i = -1698 - -3454. Let k = i - 1215. Is k composite?
False
Let n b